 q be (-4)/(-10) - (-21)/35. Suppose 4*i = 7 + q. Let o(h) = 2*h**3 + 4*h - 4. Let c be o(i). Calculate the greatest common factor of c and 160.
20
Let w(f) = 2*f**2 + 3. Let p be w(2). Let m = -7 - -9. Suppose -m*b - 445 = -5*i - 3*b, -2*b = -5*i + 430. What is the greatest common factor of p and i?
11
Suppose -3*o = -2*m - 2*m + 63, 0 = 5*m - 3*o - 78. What is the highest common factor of m and 735?
15
Let g(k) = 4*k**2 + k**3 - 3*k**2 - 2*k + 1 - 1. Let s be g(2). Let p(w) = -7*w + 4. Let l be p(-4). Calculate the highest common divisor of s and l.
8
Let l be -8 - (7 - 516/12). What is the highest common divisor of l and 42?
14
Let w be ((-6)/(-3))/(4/90). Let l(h) = -h**3 + 10*h**2 - 14*h + 54. Let j be l(9). What is the highest common divisor of j and w?
9
Let z(a) = 5*a + 174. Let g be z(-24). What is the highest common divisor of g and 126?
18
Let x(u) = -u - 1. Let j(w) = w**2 - 8*w - 12. Let n(p) = -j(p) - 2*x(p). Let h be n(10). Calculate the highest common factor of h and 7.
7
Let u = -4 - 70. Suppose 5*f + 5 = 0, 0*f = -4*d + 3*f - 413. Let z = u - d. Calculate the highest common divisor of z and 75.
15
Suppose 0 = 12*s - 926 - 934. Calculate the highest common factor of 31 and s.
31
Suppose 2*f = 46 - 16. Calculate the highest common factor of f and 135.
15
Let y be -6*(18/(-24))/((-6)/(-4)). Suppose 512 = 7*q - y*q. Calculate the highest common divisor of q and 16.
16
Let h(o) = -o**3 - 8*o**2 + 22*o - 11. Let b be h(-11). Let i be 19/2 + 2/4. Calculate the highest common factor of b and i.
10
Let m(r) = r**2 - 2*r - 12. Let c be m(5). Suppose 0 = -5*d - n + 23 + 10, -n = -c. Suppose 0 = 4*f - 227 + 11. What is the greatest common divisor of d and f?
6
Let z = -381 + 423. What is the greatest common factor of 840 and z?
42
Suppose 5*t - 20 = -4*j + t, -2*t + 4 = 0. Let p be ((-447)/(-7))/j + 16/(-56). Let v be -294*1/2*-1. Calculate the greatest common factor of p and v.
21
Suppose 2*t + 44 = z, 3*z = 5*t - 48 + 179. Let g be -6*(2 - 102/9). Calculate the greatest common divisor of z and g.
14
Let h = -12 - -10. Let s be h/2*9*-2. Suppose -o = -w - s, 0 = -o - o + 4*w + 30. Calculate the highest common factor of 168 and o.
21
Let r(g) = 8*g**3 - 95*g**2 - 6*g - 3. Let c be r(12). What is the greatest common factor of c and 322?
23
Let t = 681 - 656. Calculate the highest common factor of 425 and t.
25
Let i(w) = 20*w + 2. Let r be i(1). Let f = r + -17. Suppose 0*v + f*v = 640. Calculate the greatest common divisor of 16 and v.
16
Suppose 2 = 4*t + 14, 3*l + 21 = 2*t. Let u = -7 - l. Let d be u + ((-4)/(-4) - -7). Calculate the greatest common factor of 5 and d.
5
Let l be 21/(0 + (-9)/(-6)). Suppose -d - 3 = -l. Let q be 3/(18/4)*33. What is the highest common divisor of d and q?
11
Suppose 3 = -2*l + 3*l - 3*k, -4*k = 0. Let g be 4/(-36)*3*(1 - 1). Suppose 0 = w - 2, -3*z + l*w = -g*z - 477. What is the greatest common factor of z and 23?
23
Let t = 0 + 3. Let x be ((-3)/t*7)/(-1). Let a be (-1)/(x/60)*-7. Calculate the greatest common factor of 15 and a.
15
Suppose -m + 7 + 39 = 0. Suppose 2*k - 42 = -4*y + m, -y = 2*k - 28. What is the highest common divisor of y and 20?
20
Let w(j) = 39*j**2 - j. Let g be w(3). Let k be (-4)/(-3)*g/8. What is the highest common factor of k and 145?
29
Suppose -4*f + f = -54. Let g = f + -19. Let o be g/2*80/(-2). Calculate the highest common divisor of 4 and o.
4
Let u(g) = 10*g**3 + 7*g**2 - 10*g + 3. Let m be u(3). Suppose -m = 8*f - 25*f. Calculate the greatest common divisor of 81 and f.
9
Let x = 6 + -1. Suppose x*k = 2*k + 18. Let t = -491 + 545. What is the highest common divisor of t and k?
6
Suppose 0 = -358*p + 353*p + 165. Calculate the greatest common divisor of p and 55.
11
Let w be (-11)/(-88) + 62/16. What is the highest common factor of w and 4?
4
Let h = 4 - 5. Let v be 27/((2 + -3)*h). Let k(s) = 2*s**2 + 15*s + 10. Let n be k(-7). Calculate the greatest common factor of v and n.
3
Let a be ((-90)/12)/((-6)/8). Let l = 171 - 131. Calculate the greatest common factor of a and l.
10
Suppose 3*c - 5*u - 695 = 0, 2*c + 5*u - 524 + 69 = 0. Suppose 3*d + 282 = 3*j, -2*j - 2*d + 88 = -j. What is the greatest common factor of j and c?
46
Let t(n) = -2*n**2 + 220 - 96 - 3*n - 36. Let y be t(0). Calculate the highest common factor of y and 8.
8
Suppose x - 204 = -92. What is the highest common factor of x and 7?
7
Let i(a) = 7*a + 385. Let r be i(-34). What is the greatest common divisor of 231 and r?
21
Suppose 0 = j + 2*j - a - 212, 5*a = -5*j + 340. Suppose -4*u + 42 = -j. What is the highest common factor of u and 4?
4
Let x = -314 + 329. Let r = -2 - -8. What is the highest common factor of x and r?
3
Let j(w) = 24*w - 72. Let n be j(7). What is the highest common factor of n and 6?
6
Suppose -88*o + 224 = -83*o + l, -108 = -2*o - 5*l. What is the greatest common divisor of 1628 and o?
44
Let a be 2*2/(-1 + -1). Let j = a - -2. Let k be -2 + (2 - j) - -4. What is the greatest common factor of 8 and k?
4
Suppose 5*v - 41 = 2*l - 5*l, -5*l + v = -59. Let w = 6045 - 6021. What is the greatest common factor of w and l?
12
Suppose 36*s = 5561 - 413. Suppose l + 0*l = 13. What is the greatest common factor of l and s?
13
Let w = -56 + 80. Let c(f) = -3*f. Let k be c(-1). Let i be (k/(-15) + 1)*10. What is the highest common divisor of i and w?
8
Suppose -2*y = -y - 33. Suppose 2*n = 13 - 3. Suppose 3*c + n*a = c + 47, -c - 4*a + 31 = 0. What is the highest common divisor of y and c?
11
Let r(n) = -n + 9. Let z be r(8). Suppose 0 = 3*h - 35 - z. Let x be ((-6)/(-8))/(1/(16/4)). Calculate the greatest common divisor of x and h.
3
Let u(x) = -x - 4. Let p be u(-9). Suppose 15 + p = -4*h. Let f = 12 + h. What is the highest common factor of 1 and f?
1
Suppose 0 = 2*n + 3*m - 97, -7*m + 12*m = -5. What is the highest common factor of 650 and n?
50
Suppose 3*l - 1 = -2*m - 23, 0 = 3*m - l + 11. Let v = m - -7. Calculate the highest common divisor of v and 8.
2
Let i be (-714)/(-14) - (1*-3 + -2). What is the highest common factor of i and 196?
28
Let i = -23 + 71. Suppose i - 6 = -t. Let k = 68 + t. Calculate the greatest common divisor of k and 13.
13
Suppose 39*s = 11*s + 224. Let b = 2 - 0. Suppose 4*p - b*p = 112. Calculate the greatest common factor of p and s.
8
Let z(r) = 39*r**3 - 2*r**2 + r. Let y be z(1). Let b(k) = 4*k + 7. Let p be b(-6). Let h = y + p. Calculate the greatest common factor of h and 7.
7
Let q be ((-45)/6)/(-5)*3852/27. Suppose 3*k - q = -w, k - 2*w + 3*w - 70 = 0. What is the greatest common factor of k and 9?
9
Let r = -4 - -2. Let f be (1 - 245)/r - 1. What is the greatest common divisor of 11 and f?
11
Let t(w) = 2*w**3 - 3*w**2 - 8*w + 1. Let z be t(4). Calculate the greatest common factor of 49 and z.
49
Let b = 32 + -20. Suppose -26*w + 1890 = -21*w. Suppose 6*v - 1170 = -w. What is the greatest common factor of b and v?
12
Let n = 81 - -97. Let y = n + -100. What is the greatest common divisor of y and 26?
26
Let b(s) = 0 - 7 + s - 3*s. Let g be b(-6). Suppose 0*d = -g*d + 2*k + 80, -5*d = 4*k - 50. What is the highest common factor of d and 154?
14
Let s be 9/6 - (-146)/4. Let i be 78 + -4 + 1 + 1. Let y = i - s. Calculate the highest common factor of y and 76.
38
Let m = -5 - -27. What is the greatest common factor of 550 and m?
22
Suppose -3*b - 36 = -4*y, -y - 3*b - 14 = 2*b. What is the greatest common factor of 2 and y?
2
Let j be (-3 - (78 + -1))/(-1). Let f = 13 - 10. Suppose 162 = 5*x + 2*o, 0*o = 2*x + f*o - 67. What is the highest common divisor of x and j?
16
Let y(m) = m**3 - 5*m**2 + 3*m - 19. Let x be y(10). What is the greatest common divisor of x and 7?
7
Let o(d) = 0 + 5*d + 4 + 1 + 8*d**2 - 3*d. Let c be o(-2). Let q = -27 + 49. Calculate the greatest common divisor of q and c.
11
Suppose -3*r - 510 = 87. Let z = 342 + r. What is the highest common divisor of 11 and z?
11
Suppose 0 = -2*i, 3*i + 7 = 3*g + 31. Let t = 11 + g. Let s be ((-5)/t)/(12/(-144)). Calculate the greatest common divisor of 50 and s.
10
Suppose -4*r - r + 440 = 0. Let t = 124 + -112. Let y = t - 1. What is the highest common divisor of y and r?
11
Let r(g) = -13*g**2 + 19*g**2 + g - 4 + g**3 + g**2 + g. Let o be r(-5). Calculate the greatest common factor of 3